 h be d(0). Suppose h*w - 20 = 5*w. What is the highest common factor of 220 and w?
20
Let x = -21 - -41. Let w be (2/(-6))/((-3)/18). Let i be 0 - (0 + -4 + w). Calculate the greatest common divisor of x and i.
2
Suppose -2*b = b - 57. Calculate the greatest common factor of 38 and b.
19
Suppose 4*q - 16 = -0, 3*p = -2*q + 14. Suppose -6 = -p*w - 2. Suppose -4*l + 178 + w = 0. What is the highest common factor of 18 and l?
9
Let d = -75 + 80. Calculate the greatest common divisor of 1 and d.
1
Let t = 55 - -77. What is the greatest common factor of 12 and t?
12
Let f = -16 + 18. Suppose -6 = f*r - 3*r. Calculate the greatest common factor of 15 and r.
3
Let g(a) = a**3 + 6*a**2 - 3*a - 6. Let m be g(-6). What is the greatest common divisor of m and 36?
12
Let q be (22/(-3))/(2/(-48)). Suppose f = 2, 8*f - 3*f = 4*i - 54. What is the highest common factor of i and q?
16
Suppose -11*n + 171 = -16. Calculate the highest common divisor of 34 and n.
17
Let y = 62 - 37. What is the greatest common factor of y and 175?
25
Suppose -2*h = -5*h + 156. Let m = h - 30. Suppose 0 = 2*r - s - 2, 2*r = 4*s - 2 - 2. Calculate the greatest common factor of m and r.
2
Let m be 2/10 + 72/15. Suppose m = j - 9. Let g(x) = 7*x**2 + 3*x + 2. Let u be g(-3). Calculate the greatest common divisor of j and u.
14
Let k be 6 + 1 + -4 + 12. Calculate the highest common divisor of 135 and k.
15
Suppose 3*l + l = 8. Suppose -5*h + l = -53. What is the highest common divisor of 99 and h?
11
Suppose 2*k = k - 4. Let h be k*-1*(-39)/(-12). Let r be (1/(-2))/(1/(-104)). Calculate the greatest common divisor of h and r.
13
Suppose -2*z - r + 17 = 0, 13 = z + 5*r - 0. What is the highest common divisor of z and 8?
8
Let k be 6/(-10) - 528/(-55). Calculate the greatest common factor of 1 and k.
1
Let v be (-4)/10 - (-182)/5. Suppose 2*m + 14 + 72 = q, -3*q + 3*m = -264. What is the greatest common divisor of q and v?
18
Let d(g) = -g**3 - 7*g**2 + 6*g + 8. Let f be d(-8). Let r be ((-3)/(-3))/((6/16)/3). What is the greatest common divisor of f and r?
8
Let c(a) = -a**3 - a**2 - 2*a - 2. Let k be c(-3). Let l be -146*(-12)/16 - 1/(-2). Calculate the greatest common factor of k and l.
22
Suppose x - 3*x + 11 = -p, -5*p - x = 44. Let w(d) = d**2 + 7*d - 3. Let j be w(p). Calculate the highest common divisor of j and 165.
15
Let u be (-15)/((-45)/14 + 3). Calculate the greatest common factor of 14 and u.
14
Let h = -8 - -11. Suppose 3*y - 5*w - 65 = 0, 85 = h*y + 4*w - 5*w. Let s(b) = -11*b - 1. Let l be s(-1). Calculate the greatest common factor of l and y.
10
Suppose -5*v + 4*q = -65, v = 2*q + q + 13. Calculate the highest common divisor of v and 26.
13
Let y(p) = 2*p**3 + 5*p**2 - 5*p + 2. Let c be y(5). Suppose c = 4*a + 16. Let w be (2*1)/((-2)/(-12)). Calculate the highest common divisor of a and w.
12
Let o be (28/35)/((-1)/(-15)). What is the highest common factor of 12 and o?
12
Suppose 24 + 44 = 4*s - 4*t, t - 23 = -s. Calculate the greatest common divisor of s and 5.
5
Let t = -33 + 78. Calculate the greatest common factor of 5 and t.
5
Let c(w) = 44*w**2 - 3 + 4 - 1 + w. Let i be c(1). Calculate the highest common factor of 15 and i.
15
Suppose v - 14 = -v - 2*k, -v - 13 = -4*k. Calculate the highest common factor of v and 12.
3
Let t be ((-30)/(-4))/(((-11)/(-2))/11). Calculate the highest common factor of 75 and t.
15
Let o be (10/(-6))/(5/(-270)). Suppose -9 - o = -3*m. Let b = 22 + -11. What is the highest common divisor of m and b?
11
Let x be (-1)/5 - 252/(-35). Let n = x - -1. Calculate the greatest common factor of 56 and n.
8
Let x(t) = -10*t**3 - 2*t - 4. Let h be x(-3). Suppose -4*l - h = -6*l. Calculate the highest common factor of 17 and l.
17
Let v = 13 + -2. What is the greatest common factor of v and 99?
11
Suppose -11*w = -7*w - 248. Calculate the greatest common factor of 155 and w.
31
Let u = 456 - 176. What is the greatest common factor of 40 and u?
40
Suppose -4*d + s - 65 + 285 = 0, -3*s = -5*d + 275. Let x be (-2 + 4 - 0)*2. Suppose -x*b + 33 = -b. What is the greatest common factor of b and d?
11
Suppose 2*b + 2*d - 110 = 6*b, -2*b + 4*d - 52 = 0. Let v = b - -8. Let q be (-288)/v + (-6)/15. Calculate the highest common divisor of q and 2.
2
Let f be 1 + -2 - 2 - 123. Let z be ((-1)/3)/(3/f). What is the highest common factor of z and 154?
14
Let w(s) = -s**3 - 5*s**2 - s - 3. Let g be w(-5). Suppose 0 = g*h + 3*h - 80. What is the highest common divisor of 4 and h?
4
Let h = -134 + 145. Suppose -59 = 5*w + 321. Let a = -10 - w. Calculate the greatest common factor of a and h.
11
Let m be 1 + (1 - 6) + 8. Suppose w = 0, m*u + 45 = 7*u + w. Calculate the highest common divisor of 90 and u.
15
Let c = -9 + 15. Suppose 0 = -5*t - 5*y + 245, -89 - 14 = -2*t - y. What is the highest common factor of t and c?
6
Suppose c = 3*c + 2*z - 60, 4*z = 2*c - 60. Calculate the greatest common divisor of c and 240.
30
Suppose 4*r + 5 + 3 = 0. Let j = 247 + -148. Let n be (r/(-6))/(3/j). Calculate the greatest common divisor of n and 110.
11
Suppose 2*h - 5*g - 49 = 0, -2*h - g + 25 = -18. Let j be ((-77)/22)/((-1)/h). What is the highest common factor of 7 and j?
7
Let i(q) = q**2 + q. Let b be i(-2). Let a be b*2 - 6/3. Suppose -a*u + 48 = 2*u. What is the greatest common divisor of u and 108?
12
Suppose -3*o - 3*k + 111 = 0, o + 5*k = -0*k + 37. Let b = o - 20. What is the highest common factor of 68 and b?
17
Let q = 6 - 4. Suppose 2*t - 7*m + 2*m = 14, -q*t + m = -22. Calculate the highest common divisor of 12 and t.
12
Let m be 4*(3 - (-3)/(-6)). Calculate the greatest common factor of 5 and m.
5
Suppose -l = -0 - 1. Let k be (-17)/(-4) - l/4. Suppose k*z + 7*q - 3*q - 40 = 0, 3*z + q - 38 = 0. Calculate the greatest common divisor of 7 and z.
7
Let p be (2 + -35)*1/(-3). Calculate the highest common divisor of p and 1.
1
Let b be -3 + 0 - (-10 + 2). Let m(q) = -q**3 + 5*q**2 + 2*q - 7. Let h be m(b). Calculate the greatest common factor of h and 27.
3
Let f(m) be the second derivative of m**3/3 + 2*m**2 + 3*m. Let q be f(8). Calculate the greatest common divisor of q and 10.
10
Let d(i) = -i**3 + 4*i**2 - 2*i - 1. Let u be d(2). Suppose b - 3*o - 67 = -u*b, 0 = 5*b + 2*o - 55. What is the highest common divisor of b and 26?
13
Suppose 0 = a, 3*g - 9 = 5*a - 0*a. Suppose d = g - 4. Let v be d - -1 - (-48)/2. What is the greatest common factor of v and 8?
8
Let g be 1/((-15)/(-192)) - (-16)/(-20). What is the highest common divisor of 108 and g?
12
Let u(j) = j**2 + 5*j + 4. Let w be u(-3). Let h = w - -10. Let k be ((-324)/16)/((-3)/h). What is the highest common factor of k and 6?
6
Let f = -92 - -135. Let i = f - 26. Calculate the highest common factor of 136 and i.
17
Let x(g) = -g + 57. Let v be x(-12). Calculate the highest common factor of 483 and v.
69
Suppose -5*x + 966 = 2*x. Calculate the greatest common factor of 23 and x.
23
Suppose -4*c - 5*n = -24, 3*c + 3*n - 20 + 5 = 0. Let b = c + 6. Calculate the highest common factor of b and 14.
7
Suppose -r - 5*f - 51 - 13 = 0, 20 = -4*f. Let w be -1 + 2/((-6)/r). Let k = -24 + 60. What is the highest common divisor of k and w?
12
Let g = 921 + -525. Suppose 0 = -q - 2*q + g. Calculate the highest common factor of q and 12.
12
Suppose 0 = -f + 5*f - 8. Let a be -2 + (92/1 - f). Calculate the highest common factor of 8 and a.
8
Suppose 3*l - 24 = 6. Let h(m) = -l*m - 10 + 10. Let c be h(-1). What is the greatest common factor of 70 and c?
10
Let r = -10 - -6. Let s be (-2)/r*(1 - -1). What is the highest common divisor of 9 and s?
1
Suppose 4*v = y - 59, 3*v + y + 30 = -3*y. Let q be -14*(-1 - 2/v). What is the highest common factor of q and 6?
6
Let x(p) = 8*p**2 + 2*p + 1. Let w be x(-1). Calculate the greatest common divisor of w and 21.
7
Let v be 4 + (-1 - -1)/2. Suppose 2*n = n - v, -3*w - 4*n = 13. What is the highest common divisor of 2 and w?
1
Let k be 24/2*5/10. Suppose -k*a + 40 = -4*a. What is the highest common divisor of a and 10?
10
Suppose 5*p - 231 = 259. What is the highest common factor of p and 14?
14
Let i be (0/3)/(-1) - -39. Let b = 81 - i. Suppose 5*v = -n + b, -13 = -4*n - 5. Calculate the highest common divisor of 64 and v.
8
Let u be (-6)/(-4)*(-120)/(-18). Let r be 2/(